{"id":622,"date":"2020-02-11T17:16:16","date_gmt":"2020-02-11T16:16:16","guid":{"rendered":"http:\/\/www.tanzkommando.de\/wordpress\/?page_id=622"},"modified":"2021-07-20T11:47:04","modified_gmt":"2021-07-20T09:47:04","slug":"about-us","status":"publish","type":"page","link":"http:\/\/www.tanzkommando.de\/wordpress\/about-us\/","title":{"rendered":"About us"},"content":{"rendered":"\n<p>Tanzkommando machen ihrem Namen alle Ehre! Die 5 Tanzkommandanten kombinieren derbe Gitarrenriffs mit Querfl\u00f6te, einer Prise Punk und elektronischer Tanzbarkeit. Mal hart, mal h\u00fcpfend vermitteln sie mit diesem ganz eigenen Sound den Spa\u00df, den sie auf der B\u00fchne haben \u2013 bis das Publikum nur noch grinsend tanzen kann.<\/p>\n\n\n\n<p><\/p>\n\n\n\n<figure class=\"wp-block-image size-large is-resized\"><a href=\"http:\/\/www.tanzkommando.de\/wordpress\/wp-content\/uploads\/2021\/07\/skaiiii.jpg\"><img loading=\"lazy\" decoding=\"async\" src=\"http:\/\/www.tanzkommando.de\/wordpress\/wp-content\/uploads\/2021\/07\/skaiiii-1024x683.jpg\" alt=\"\" class=\"wp-image-840\" width=\"487\" height=\"325\" srcset=\"http:\/\/www.tanzkommando.de\/wordpress\/wp-content\/uploads\/2021\/07\/skaiiii-1024x683.jpg 1024w, http:\/\/www.tanzkommando.de\/wordpress\/wp-content\/uploads\/2021\/07\/skaiiii-300x200.jpg 300w, http:\/\/www.tanzkommando.de\/wordpress\/wp-content\/uploads\/2021\/07\/skaiiii-768x512.jpg 768w, http:\/\/www.tanzkommando.de\/wordpress\/wp-content\/uploads\/2021\/07\/skaiiii-1536x1024.jpg 1536w, http:\/\/www.tanzkommando.de\/wordpress\/wp-content\/uploads\/2021\/07\/skaiiii-2048x1365.jpg 2048w\" sizes=\"auto, (max-width: 487px) 100vw, 487px\" \/><\/a><figcaption><strong>SKAIDRA<\/strong><br><br>Vocals, Flute, Xylophon, Never Ending Dancing<\/figcaption><\/figure>\n\n\n\n<figure class=\"wp-block-image size-large is-resized\"><a href=\"http:\/\/www.tanzkommando.de\/wordpress\/wp-content\/uploads\/2021\/07\/anika.jpg\"><img loading=\"lazy\" decoding=\"async\" src=\"http:\/\/www.tanzkommando.de\/wordpress\/wp-content\/uploads\/2021\/07\/anika-1024x683.jpg\" alt=\"\" class=\"wp-image-837\" width=\"510\" height=\"339\" srcset=\"http:\/\/www.tanzkommando.de\/wordpress\/wp-content\/uploads\/2021\/07\/anika-1024x683.jpg 1024w, http:\/\/www.tanzkommando.de\/wordpress\/wp-content\/uploads\/2021\/07\/anika-300x200.jpg 300w, http:\/\/www.tanzkommando.de\/wordpress\/wp-content\/uploads\/2021\/07\/anika-768x512.jpg 768w, http:\/\/www.tanzkommando.de\/wordpress\/wp-content\/uploads\/2021\/07\/anika-1536x1024.jpg 1536w, http:\/\/www.tanzkommando.de\/wordpress\/wp-content\/uploads\/2021\/07\/anika-2048x1365.jpg 2048w\" sizes=\"auto, (max-width: 510px) 100vw, 510px\" \/><\/a><figcaption><strong>BASSIKA LA GROOVE<\/strong><br><br>Bass<\/figcaption><\/figure>\n\n\n\n<figure class=\"wp-block-image size-large is-resized\"><a href=\"http:\/\/www.tanzkommando.de\/wordpress\/wp-content\/uploads\/2021\/07\/jenny.jpg\"><img loading=\"lazy\" decoding=\"async\" src=\"http:\/\/www.tanzkommando.de\/wordpress\/wp-content\/uploads\/2021\/07\/jenny-1024x683.jpg\" alt=\"\" class=\"wp-image-839\" width=\"511\" height=\"348\"\/><\/a><figcaption><strong>JELODY GOODBLUES<\/strong><br><br>Guitar, Vocals, Didgeridoo<\/figcaption><\/figure>\n\n\n\n<figure class=\"wp-block-image size-large is-resized\"><a href=\"http:\/\/www.tanzkommando.de\/wordpress\/wp-content\/uploads\/2021\/07\/lusi.jpg\"><img loading=\"lazy\" decoding=\"async\" src=\"http:\/\/www.tanzkommando.de\/wordpress\/wp-content\/uploads\/2021\/07\/lusi-1024x683.jpg\" alt=\"\" class=\"wp-image-841\" width=\"509\" height=\"339\" srcset=\"http:\/\/www.tanzkommando.de\/wordpress\/wp-content\/uploads\/2021\/07\/lusi-1024x683.jpg 1024w, http:\/\/www.tanzkommando.de\/wordpress\/wp-content\/uploads\/2021\/07\/lusi-300x200.jpg 300w, http:\/\/www.tanzkommando.de\/wordpress\/wp-content\/uploads\/2021\/07\/lusi-768x512.jpg 768w, http:\/\/www.tanzkommando.de\/wordpress\/wp-content\/uploads\/2021\/07\/lusi-1536x1024.jpg 1536w, http:\/\/www.tanzkommando.de\/wordpress\/wp-content\/uploads\/2021\/07\/lusi-2048x1365.jpg 2048w\" sizes=\"auto, (max-width: 509px) 100vw, 509px\" \/><\/a><figcaption><strong>LUIS<\/strong> <br>Guitar<\/figcaption><\/figure>\n\n\n\n<p><\/p>\n\n\n\n<figure class=\"wp-block-image size-large is-resized\"><a href=\"http:\/\/www.tanzkommando.de\/wordpress\/wp-content\/uploads\/2021\/07\/mischa.jpg\"><img loading=\"lazy\" decoding=\"async\" src=\"http:\/\/www.tanzkommando.de\/wordpress\/wp-content\/uploads\/2021\/07\/mischa-1024x683.jpg\" alt=\"\" class=\"wp-image-842\" width=\"513\" height=\"342\" srcset=\"http:\/\/www.tanzkommando.de\/wordpress\/wp-content\/uploads\/2021\/07\/mischa-1024x683.jpg 1024w, http:\/\/www.tanzkommando.de\/wordpress\/wp-content\/uploads\/2021\/07\/mischa-300x200.jpg 300w, http:\/\/www.tanzkommando.de\/wordpress\/wp-content\/uploads\/2021\/07\/mischa-768x512.jpg 768w, http:\/\/www.tanzkommando.de\/wordpress\/wp-content\/uploads\/2021\/07\/mischa-1536x1024.jpg 1536w, http:\/\/www.tanzkommando.de\/wordpress\/wp-content\/uploads\/2021\/07\/mischa-2048x1365.jpg 2048w\" sizes=\"auto, (max-width: 513px) 100vw, 513px\" \/><\/a><figcaption><strong>HIT&#8217;CHA THE BEATSLAVE<\/strong><br><br>Drums<\/figcaption><\/figure>\n\n\n\n<p><\/p>\n<p><\/p>","protected":false},"excerpt":{"rendered":"<p>Tanzkommando machen ihrem Namen alle Ehre! Die 5 Tanzkommandanten kombinieren derbe Gitarrenriffs mit Querfl\u00f6te, einer Prise Punk und elektronischer Tanzbarkeit. Mal hart, mal h\u00fcpfend vermitteln sie mit diesem ganz eigenen Sound den Spa\u00df, den sie auf der B\u00fchne haben \u2013 bis das Publikum nur noch grinsend tanzen kann.<\/p>\n","protected":false},"author":1,"featured_media":0,"parent":0,"menu_order":0,"comment_status":"closed","ping_status":"closed","template":"","meta":{"ngg_post_thumbnail":0,"footnotes":""},"class_list":["post-622","page","type-page","status-publish","hentry"],"_links":{"self":[{"href":"http:\/\/www.tanzkommando.de\/wordpress\/wp-json\/wp\/v2\/pages\/622","targetHints":{"allow":["GET"]}}],"collection":[{"href":"http:\/\/www.tanzkommando.de\/wordpress\/wp-json\/wp\/v2\/pages"}],"about":[{"href":"http:\/\/www.tanzkommando.de\/wordpress\/wp-json\/wp\/v2\/types\/page"}],"author":[{"embeddable":true,"href":"http:\/\/www.tanzkommando.de\/wordpress\/wp-json\/wp\/v2\/users\/1"}],"replies":[{"embeddable":true,"href":"http:\/\/www.tanzkommando.de\/wordpress\/wp-json\/wp\/v2\/comments?post=622"}],"version-history":[{"count":15,"href":"http:\/\/www.tanzkommando.de\/wordpress\/wp-json\/wp\/v2\/pages\/622\/revisions"}],"predecessor-version":[{"id":845,"href":"http:\/\/www.tanzkommando.de\/wordpress\/wp-json\/wp\/v2\/pages\/622\/revisions\/845"}],"wp:attachment":[{"href":"http:\/\/www.tanzkommando.de\/wordpress\/wp-json\/wp\/v2\/media?parent=622"}],"curies":[{"name":"wp","href":"https:\/\/api.w.org\/{rel}","templated":true}]}}